{"id":17088,"date":"2025-12-11T05:23:55","date_gmt":"2025-12-11T05:23:55","guid":{"rendered":"https:\/\/doumarket.shop\/?post_type=product&#038;p=17088"},"modified":"2025-12-11T05:25:33","modified_gmt":"2025-12-11T05:25:33","slug":"parure-berber","status":"publish","type":"product","link":"https:\/\/doumarketdz.com\/?product=parure-berber","title":{"rendered":"Parure b\u00e8rb\u00e8r"},"content":{"rendered":"<p>une tr\u00e8s belle parure de drap travaill\u00e9e en broderie couleurs, style b\u00e8rb\u00e8r compos\u00e9e de 6 pi\u00e8ces<br \/>\ndrap plat 255*240<br \/>\ndrap housse grande dimensions<br \/>\n4 taies d&rsquo;oreiller 2 en broderie et 2 simples<br \/>\nLivraison disponible \u00e0 toutes les wilayas <\/p>\n","protected":false},"excerpt":{"rendered":"<p><a href=\"https:\/\/doumarket.shop\/wp-content\/uploads\/2025\/12\/IMG_1192.mov\">IMG_1192<\/a><\/p>\n","protected":false},"featured_media":17092,"comment_status":"open","ping_status":"closed","template":"","meta":[],"product_brand":[],"product_cat":[223,209,224],"product_tag":[],"class_list":{"0":"post-17088","1":"product","2":"type-product","3":"status-publish","4":"has-post-thumbnail","6":"product_cat-linge-de-lit","7":"product_cat-linge-de-maison","8":"product_cat-parures-brodees","10":"first","11":"instock","12":"sale","13":"shipping-taxable","14":"purchasable","15":"product-type-simple"},"_links":{"self":[{"href":"https:\/\/doumarketdz.com\/index.php?rest_route=\/wp\/v2\/product\/17088","targetHints":{"allow":["GET"]}}],"collection":[{"href":"https:\/\/doumarketdz.com\/index.php?rest_route=\/wp\/v2\/product"}],"about":[{"href":"https:\/\/doumarketdz.com\/index.php?rest_route=\/wp\/v2\/types\/product"}],"replies":[{"embeddable":true,"href":"https:\/\/doumarketdz.com\/index.php?rest_route=%2Fwp%2Fv2%2Fcomments&post=17088"}],"version-history":[{"count":1,"href":"https:\/\/doumarketdz.com\/index.php?rest_route=\/wp\/v2\/product\/17088\/revisions"}],"predecessor-version":[{"id":17094,"href":"https:\/\/doumarketdz.com\/index.php?rest_route=\/wp\/v2\/product\/17088\/revisions\/17094"}],"wp:featuredmedia":[{"embeddable":true,"href":"https:\/\/doumarketdz.com\/index.php?rest_route=\/wp\/v2\/media\/17092"}],"wp:attachment":[{"href":"https:\/\/doumarketdz.com\/index.php?rest_route=%2Fwp%2Fv2%2Fmedia&parent=17088"}],"wp:term":[{"taxonomy":"product_brand","embeddable":true,"href":"https:\/\/doumarketdz.com\/index.php?rest_route=%2Fwp%2Fv2%2Fproduct_brand&post=17088"},{"taxonomy":"product_cat","embeddable":true,"href":"https:\/\/doumarketdz.com\/index.php?rest_route=%2Fwp%2Fv2%2Fproduct_cat&post=17088"},{"taxonomy":"product_tag","embeddable":true,"href":"https:\/\/doumarketdz.com\/index.php?rest_route=%2Fwp%2Fv2%2Fproduct_tag&post=17088"}],"curies":[{"name":"wp","href":"https:\/\/api.w.org\/{rel}","templated":true}]}}