{"id":16726,"date":"2025-03-11T06:31:43","date_gmt":"2025-03-11T06:31:43","guid":{"rendered":"https:\/\/doumarket.shop\/?post_type=product&#038;p=16726"},"modified":"2025-03-11T06:32:40","modified_gmt":"2025-03-11T06:32:40","slug":"parure-tige-de-6-pieces","status":"publish","type":"product","link":"https:\/\/doumarketdz.com\/?product=parure-tige-de-6-pieces","title":{"rendered":"Parure Tige de 6 pi\u00e8ces"},"content":{"rendered":"<p>Parure de drap travailler en broderie sur tissu toile de drap popeline tr\u00e8s bien fini compos\u00e9e de 6 six pi\u00e8ces drap et deux taies d&rsquo;oreillers en broderie et un drap housse et deux taies d&rsquo;oreillers simple , fait pour l&rsquo;utilisation quotidienne qui donne une touche d&rsquo;\u00e9l\u00e9gance et fine \u00e0 votre chambre \u00e0 coucher.<\/p>\n","protected":false},"excerpt":{"rendered":"<p>Parure de drap travailler en broderie sur tissu toile de drap popeline tr\u00e8s bien fini compos\u00e9e de 6 six pi\u00e8ces<\/p>\n","protected":false},"featured_media":16727,"comment_status":"open","ping_status":"closed","template":"","meta":[],"product_brand":[],"product_cat":[223,209,224],"product_tag":[],"class_list":{"0":"post-16726","1":"product","2":"type-product","3":"status-publish","4":"has-post-thumbnail","6":"product_cat-linge-de-lit","7":"product_cat-linge-de-maison","8":"product_cat-parures-brodees","10":"first","11":"instock","12":"sale","13":"shipping-taxable","14":"purchasable","15":"product-type-variable"},"_links":{"self":[{"href":"https:\/\/doumarketdz.com\/index.php?rest_route=\/wp\/v2\/product\/16726","targetHints":{"allow":["GET"]}}],"collection":[{"href":"https:\/\/doumarketdz.com\/index.php?rest_route=\/wp\/v2\/product"}],"about":[{"href":"https:\/\/doumarketdz.com\/index.php?rest_route=\/wp\/v2\/types\/product"}],"replies":[{"embeddable":true,"href":"https:\/\/doumarketdz.com\/index.php?rest_route=%2Fwp%2Fv2%2Fcomments&post=16726"}],"version-history":[{"count":1,"href":"https:\/\/doumarketdz.com\/index.php?rest_route=\/wp\/v2\/product\/16726\/revisions"}],"predecessor-version":[{"id":16737,"href":"https:\/\/doumarketdz.com\/index.php?rest_route=\/wp\/v2\/product\/16726\/revisions\/16737"}],"wp:featuredmedia":[{"embeddable":true,"href":"https:\/\/doumarketdz.com\/index.php?rest_route=\/wp\/v2\/media\/16727"}],"wp:attachment":[{"href":"https:\/\/doumarketdz.com\/index.php?rest_route=%2Fwp%2Fv2%2Fmedia&parent=16726"}],"wp:term":[{"taxonomy":"product_brand","embeddable":true,"href":"https:\/\/doumarketdz.com\/index.php?rest_route=%2Fwp%2Fv2%2Fproduct_brand&post=16726"},{"taxonomy":"product_cat","embeddable":true,"href":"https:\/\/doumarketdz.com\/index.php?rest_route=%2Fwp%2Fv2%2Fproduct_cat&post=16726"},{"taxonomy":"product_tag","embeddable":true,"href":"https:\/\/doumarketdz.com\/index.php?rest_route=%2Fwp%2Fv2%2Fproduct_tag&post=16726"}],"curies":[{"name":"wp","href":"https:\/\/api.w.org\/{rel}","templated":true}]}}