{"id":16450,"date":"2025-01-27T19:54:14","date_gmt":"2025-01-27T19:54:14","guid":{"rendered":"https:\/\/doumarket.shop\/?post_type=product&#038;p=16450"},"modified":"2025-01-27T21:02:08","modified_gmt":"2025-01-27T21:02:08","slug":"parure-de-drap-les-tiges","status":"publish","type":"product","link":"https:\/\/doumarketdz.com\/?product=parure-de-drap-les-tiges","title":{"rendered":"Parure de drap LES TIGES"},"content":{"rendered":"<p><img decoding=\"async\" class=\"alignnone size-medium wp-image-16441\" src=\"https:\/\/doumarket.shop\/wp-content\/uploads\/2025\/01\/photo_2_2025-01-25_22-38-19-139x300.jpg\" alt=\"\" width=\"139\" height=\"300\" srcset=\"https:\/\/doumarketdz.com\/wp-content\/uploads\/2025\/01\/photo_2_2025-01-25_22-38-19-139x300.jpg 139w, https:\/\/doumarketdz.com\/wp-content\/uploads\/2025\/01\/photo_2_2025-01-25_22-38-19-369x800.jpg 369w, https:\/\/doumarketdz.com\/wp-content\/uploads\/2025\/01\/photo_2_2025-01-25_22-38-19-6x12.jpg 6w, https:\/\/doumarketdz.com\/wp-content\/uploads\/2025\/01\/photo_2_2025-01-25_22-38-19-430x931.jpg 430w, https:\/\/doumarketdz.com\/wp-content\/uploads\/2025\/01\/photo_2_2025-01-25_22-38-19-150x325.jpg 150w, https:\/\/doumarketdz.com\/wp-content\/uploads\/2025\/01\/photo_2_2025-01-25_22-38-19.jpg 591w\" sizes=\"(max-width: 139px) 100vw, 139px\" \/><img decoding=\"async\" class=\"alignnone size-medium wp-image-16443\" src=\"https:\/\/doumarket.shop\/wp-content\/uploads\/2025\/01\/photo_4_2025-01-25_22-38-19-139x300.jpg\" alt=\"\" width=\"139\" height=\"300\" srcset=\"https:\/\/doumarketdz.com\/wp-content\/uploads\/2025\/01\/photo_4_2025-01-25_22-38-19-139x300.jpg 139w, https:\/\/doumarketdz.com\/wp-content\/uploads\/2025\/01\/photo_4_2025-01-25_22-38-19-369x800.jpg 369w, https:\/\/doumarketdz.com\/wp-content\/uploads\/2025\/01\/photo_4_2025-01-25_22-38-19-6x12.jpg 6w, https:\/\/doumarketdz.com\/wp-content\/uploads\/2025\/01\/photo_4_2025-01-25_22-38-19-430x931.jpg 430w, https:\/\/doumarketdz.com\/wp-content\/uploads\/2025\/01\/photo_4_2025-01-25_22-38-19-150x325.jpg 150w, https:\/\/doumarketdz.com\/wp-content\/uploads\/2025\/01\/photo_4_2025-01-25_22-38-19.jpg 591w\" sizes=\"(max-width: 139px) 100vw, 139px\" \/><img decoding=\"async\" class=\"alignnone size-medium wp-image-16447\" src=\"https:\/\/doumarket.shop\/wp-content\/uploads\/2025\/01\/photo_8_2025-01-25_22-38-19-139x300.jpg\" alt=\"\" width=\"139\" height=\"300\" srcset=\"https:\/\/doumarketdz.com\/wp-content\/uploads\/2025\/01\/photo_8_2025-01-25_22-38-19-139x300.jpg 139w, https:\/\/doumarketdz.com\/wp-content\/uploads\/2025\/01\/photo_8_2025-01-25_22-38-19-369x800.jpg 369w, https:\/\/doumarketdz.com\/wp-content\/uploads\/2025\/01\/photo_8_2025-01-25_22-38-19-6x12.jpg 6w, https:\/\/doumarketdz.com\/wp-content\/uploads\/2025\/01\/photo_8_2025-01-25_22-38-19-430x931.jpg 430w, https:\/\/doumarketdz.com\/wp-content\/uploads\/2025\/01\/photo_8_2025-01-25_22-38-19-150x325.jpg 150w, https:\/\/doumarketdz.com\/wp-content\/uploads\/2025\/01\/photo_8_2025-01-25_22-38-19.jpg 591w\" sizes=\"(max-width: 139px) 100vw, 139px\" \/><img loading=\"lazy\" decoding=\"async\" class=\"alignnone size-medium wp-image-16445\" src=\"https:\/\/doumarket.shop\/wp-content\/uploads\/2025\/01\/photo_6_2025-01-25_22-38-19-139x300.jpg\" alt=\"\" width=\"139\" height=\"300\" srcset=\"https:\/\/doumarketdz.com\/wp-content\/uploads\/2025\/01\/photo_6_2025-01-25_22-38-19-139x300.jpg 139w, https:\/\/doumarketdz.com\/wp-content\/uploads\/2025\/01\/photo_6_2025-01-25_22-38-19-369x800.jpg 369w, https:\/\/doumarketdz.com\/wp-content\/uploads\/2025\/01\/photo_6_2025-01-25_22-38-19-6x12.jpg 6w, https:\/\/doumarketdz.com\/wp-content\/uploads\/2025\/01\/photo_6_2025-01-25_22-38-19-430x931.jpg 430w, https:\/\/doumarketdz.com\/wp-content\/uploads\/2025\/01\/photo_6_2025-01-25_22-38-19-150x325.jpg 150w, https:\/\/doumarketdz.com\/wp-content\/uploads\/2025\/01\/photo_6_2025-01-25_22-38-19.jpg 591w\" sizes=\"(max-width: 139px) 100vw, 139px\" \/><img loading=\"lazy\" decoding=\"async\" class=\"alignnone size-medium wp-image-16440\" src=\"https:\/\/doumarket.shop\/wp-content\/uploads\/2025\/01\/photo_1_2025-01-25_22-38-19-139x300.jpg\" alt=\"\" width=\"139\" height=\"300\" srcset=\"https:\/\/doumarketdz.com\/wp-content\/uploads\/2025\/01\/photo_1_2025-01-25_22-38-19-139x300.jpg 139w, https:\/\/doumarketdz.com\/wp-content\/uploads\/2025\/01\/photo_1_2025-01-25_22-38-19-369x800.jpg 369w, https:\/\/doumarketdz.com\/wp-content\/uploads\/2025\/01\/photo_1_2025-01-25_22-38-19-6x12.jpg 6w, https:\/\/doumarketdz.com\/wp-content\/uploads\/2025\/01\/photo_1_2025-01-25_22-38-19-430x931.jpg 430w, https:\/\/doumarketdz.com\/wp-content\/uploads\/2025\/01\/photo_1_2025-01-25_22-38-19-150x325.jpg 150w, https:\/\/doumarketdz.com\/wp-content\/uploads\/2025\/01\/photo_1_2025-01-25_22-38-19.jpg 591w\" sizes=\"(max-width: 139px) 100vw, 139px\" \/><img loading=\"lazy\" decoding=\"async\" class=\"alignnone size-medium wp-image-16449\" src=\"https:\/\/doumarket.shop\/wp-content\/uploads\/2025\/01\/photo_10_2025-01-25_22-38-19-139x300.jpg\" alt=\"\" width=\"139\" height=\"300\" srcset=\"https:\/\/doumarketdz.com\/wp-content\/uploads\/2025\/01\/photo_10_2025-01-25_22-38-19-139x300.jpg 139w, https:\/\/doumarketdz.com\/wp-content\/uploads\/2025\/01\/photo_10_2025-01-25_22-38-19-369x800.jpg 369w, https:\/\/doumarketdz.com\/wp-content\/uploads\/2025\/01\/photo_10_2025-01-25_22-38-19-6x12.jpg 6w, https:\/\/doumarketdz.com\/wp-content\/uploads\/2025\/01\/photo_10_2025-01-25_22-38-19-430x931.jpg 430w, https:\/\/doumarketdz.com\/wp-content\/uploads\/2025\/01\/photo_10_2025-01-25_22-38-19-150x325.jpg 150w, https:\/\/doumarketdz.com\/wp-content\/uploads\/2025\/01\/photo_10_2025-01-25_22-38-19.jpg 591w\" sizes=\"(max-width: 139px) 100vw, 139px\" \/><\/p>\n","protected":false},"excerpt":{"rendered":"<p>Parure de drap compos\u00e9 de 07 sept pi\u00e8ces: drap, deux coussins rectangulaire, deux coussins carr\u00e9s et deux jet\u00e9s<\/p>\n<p>travailler sur tissu m\u00e9tisse de haute qualit\u00e9 et tissu velours.<\/p>\n","protected":false},"featured_media":16443,"comment_status":"open","ping_status":"closed","template":"","meta":[],"product_brand":[],"product_cat":[223,209,224],"product_tag":[],"class_list":{"0":"post-16450","1":"product","2":"type-product","3":"status-publish","4":"has-post-thumbnail","6":"product_cat-linge-de-lit","7":"product_cat-linge-de-maison","8":"product_cat-parures-brodees","10":"first","11":"instock","12":"shipping-taxable","13":"purchasable","14":"product-type-variable"},"_links":{"self":[{"href":"https:\/\/doumarketdz.com\/index.php?rest_route=\/wp\/v2\/product\/16450","targetHints":{"allow":["GET"]}}],"collection":[{"href":"https:\/\/doumarketdz.com\/index.php?rest_route=\/wp\/v2\/product"}],"about":[{"href":"https:\/\/doumarketdz.com\/index.php?rest_route=\/wp\/v2\/types\/product"}],"replies":[{"embeddable":true,"href":"https:\/\/doumarketdz.com\/index.php?rest_route=%2Fwp%2Fv2%2Fcomments&post=16450"}],"version-history":[{"count":4,"href":"https:\/\/doumarketdz.com\/index.php?rest_route=\/wp\/v2\/product\/16450\/revisions"}],"predecessor-version":[{"id":16461,"href":"https:\/\/doumarketdz.com\/index.php?rest_route=\/wp\/v2\/product\/16450\/revisions\/16461"}],"wp:featuredmedia":[{"embeddable":true,"href":"https:\/\/doumarketdz.com\/index.php?rest_route=\/wp\/v2\/media\/16443"}],"wp:attachment":[{"href":"https:\/\/doumarketdz.com\/index.php?rest_route=%2Fwp%2Fv2%2Fmedia&parent=16450"}],"wp:term":[{"taxonomy":"product_brand","embeddable":true,"href":"https:\/\/doumarketdz.com\/index.php?rest_route=%2Fwp%2Fv2%2Fproduct_brand&post=16450"},{"taxonomy":"product_cat","embeddable":true,"href":"https:\/\/doumarketdz.com\/index.php?rest_route=%2Fwp%2Fv2%2Fproduct_cat&post=16450"},{"taxonomy":"product_tag","embeddable":true,"href":"https:\/\/doumarketdz.com\/index.php?rest_route=%2Fwp%2Fv2%2Fproduct_tag&post=16450"}],"curies":[{"name":"wp","href":"https:\/\/api.w.org\/{rel}","templated":true}]}}