{"id":16357,"date":"2025-01-25T22:11:51","date_gmt":"2025-01-25T22:11:51","guid":{"rendered":"https:\/\/doumarket.shop\/?post_type=product&#038;p=16357"},"modified":"2025-02-01T18:20:41","modified_gmt":"2025-02-01T18:20:41","slug":"parure-de-drap-modele-la-couronne","status":"publish","type":"product","link":"https:\/\/doumarketdz.com\/?product=parure-de-drap-modele-la-couronne","title":{"rendered":"Parure de drap mod\u00e8le la Couronne"},"content":{"rendered":"<p>Parure de drap mod\u00e8le la Couronne<\/p>\n<p>Travailler sur tissu m\u00e9tisse de haute qualit\u00e9<\/p>\n<p>composer de 5 pi\u00e8ces: drap 280*240, deux coussins rectangulaire 70*50 et deux jet\u00e9s 50*35<\/p>\n","protected":false},"excerpt":{"rendered":"<p>Parure de drap mod\u00e8le la Couronne Travailler sur tissu m\u00e9tisse de haute qualit\u00e9 composer de 5 pi\u00e8ces: drap 280*240, deux<\/p>\n","protected":false},"featured_media":16405,"comment_status":"open","ping_status":"closed","template":"","meta":[],"product_brand":[],"product_cat":[223,209,224],"product_tag":[],"class_list":{"0":"post-16357","1":"product","2":"type-product","3":"status-publish","4":"has-post-thumbnail","6":"product_cat-linge-de-lit","7":"product_cat-linge-de-maison","8":"product_cat-parures-brodees","10":"first","11":"instock","12":"sale","13":"shipping-taxable","14":"purchasable","15":"product-type-variable"},"_links":{"self":[{"href":"https:\/\/doumarketdz.com\/index.php?rest_route=\/wp\/v2\/product\/16357","targetHints":{"allow":["GET"]}}],"collection":[{"href":"https:\/\/doumarketdz.com\/index.php?rest_route=\/wp\/v2\/product"}],"about":[{"href":"https:\/\/doumarketdz.com\/index.php?rest_route=\/wp\/v2\/types\/product"}],"replies":[{"embeddable":true,"href":"https:\/\/doumarketdz.com\/index.php?rest_route=%2Fwp%2Fv2%2Fcomments&post=16357"}],"version-history":[{"count":4,"href":"https:\/\/doumarketdz.com\/index.php?rest_route=\/wp\/v2\/product\/16357\/revisions"}],"predecessor-version":[{"id":16539,"href":"https:\/\/doumarketdz.com\/index.php?rest_route=\/wp\/v2\/product\/16357\/revisions\/16539"}],"wp:featuredmedia":[{"embeddable":true,"href":"https:\/\/doumarketdz.com\/index.php?rest_route=\/wp\/v2\/media\/16405"}],"wp:attachment":[{"href":"https:\/\/doumarketdz.com\/index.php?rest_route=%2Fwp%2Fv2%2Fmedia&parent=16357"}],"wp:term":[{"taxonomy":"product_brand","embeddable":true,"href":"https:\/\/doumarketdz.com\/index.php?rest_route=%2Fwp%2Fv2%2Fproduct_brand&post=16357"},{"taxonomy":"product_cat","embeddable":true,"href":"https:\/\/doumarketdz.com\/index.php?rest_route=%2Fwp%2Fv2%2Fproduct_cat&post=16357"},{"taxonomy":"product_tag","embeddable":true,"href":"https:\/\/doumarketdz.com\/index.php?rest_route=%2Fwp%2Fv2%2Fproduct_tag&post=16357"}],"curies":[{"name":"wp","href":"https:\/\/api.w.org\/{rel}","templated":true}]}}